 - 30. Let q(k) = k**3 + 19*k**2 - 20*k - 10. Let h(s) = -7*q(s) + 2*r(s). What is the units digit of h(-22)?
4
Let x(m) = 43*m - 39. What is the hundreds digit of x(11)?
4
Suppose 64 = -15*u + 16*u - v, -3*u + 187 = 2*v. What is the units digit of u?
3
Let n = -9 - -3. Let o be (2/n)/(2/(-18)). What is the tens digit of o + -1 + 24/2?
1
Let u be 3/(-12) + -3*(-1)/(-4). What is the tens digit of 291/12 - u*(-3)/(-4)?
2
Suppose 0 = -2*u - u - 90. Let y = 43 - u. What is the tens digit of y?
7
Let w(v) = -168*v - 359. What is the thousands digit of w(-22)?
3
Suppose -5*b - 5*s = -12930, 0 = -2*b + 5*b - 2*s - 7743. What is the units digit of b?
3
Suppose 2*y - i + 6 = 0, -5*y + 0*i - 15 = 4*i. Let q = y - -16. What is the units digit of q?
3
Let i = -1230 + 1758. Suppose -v = 5*b - i, 3*v - 141 + 465 = 3*b. What is the units digit of b?
6
What is the hundreds digit of (-105)/(-9)*(13 + 8)?
2
Let t(i) = -18*i - 4. Let g be 61/5 + (-12)/60. Let q be (g/9)/2*-3. What is the tens digit of t(q)?
3
Let w be 1634/(-5) - (-6 - 62/(-10)). Let o = -199 - w. What is the units digit of o?
8
Suppose 0 = -2*n - 10, 9 = v + 5*n - 9. Suppose 0 = 9*f - v - 371. What is the tens digit of f?
4
Suppose -3*i = 3*y - 2202, 0 = -4*y - 3*i + i + 2932. What is the units digit of y?
2
Suppose 0 = -11*h - h + 4860. Let f = -286 + h. What is the units digit of f?
9
Suppose 5*t - 2*l = 505, 5*t - 4*l = l + 505. Suppose -4*z = -5*n + t, 1 = n - 3*z - 17. What is the tens digit of n?
2
Let w(i) = -i**3 - 37*i**2 - 6*i - 127. What is the thousands digit of w(-39)?
3
Let z be ((-39)/26*(-10)/3)/1. What is the tens digit of (-8568)/(-35) + -3 + 16/z?
4
Let h be ((-196)/6)/((-6)/(-9)). Let r = h - -129. What is the units digit of r?
0
Let d = -264 + 294. What is the tens digit of d?
3
Let c(t) = t**3 + 12*t**2 + 3*t + 17. Let s(m) = 2*m**3 + 13*m**2 + 3*m + 18. Let b(d) = -3*c(d) + 2*s(d). What is the units digit of b(11)?
3
Suppose -3*g + 990 = g - 2*w, -5*g - w + 1220 = 0. Suppose 4*i = 2*b + 242, 4*i - 2*b - g = 3*b. What is the units digit of i?
0
Suppose -7*n + 2063 = -3*n - 3*g, -4*n = -g - 2053. What is the hundreds digit of n?
5
Let o = 6843 + -4299. What is the units digit of o?
4
Let h(m) = 41*m**2 - 2*m + 89. What is the hundreds digit of h(8)?
6
Let p = -31 + 35. Let o = 11 + p. What is the units digit of o?
5
Suppose 14 = 5*o - 11. Suppose -c + o*i - 15 = 0, 0 = 3*i - 8*i + 20. Suppose -22 = -5*t + 4*t - c*x, -3*t - 3*x + 30 = 0. What is the units digit of t?
7
Suppose 0 = w - 2*l - 1485 + 373, 0 = -3*w - 2*l + 3320. What is the hundreds digit of w?
1
Let u(t) = t**2 + 2*t - 10. Let v be u(-5). Suppose v*q = -c - 63, 3*q + 4*c = q - 36. What is the tens digit of (2 + (-104)/q)*3?
3
Let i(z) = z**3 - z**2 + 25. Let c be 4*((-15)/6 + 3). Suppose 0 = -l + a + 2, -l - 3*a = -2*a + c. What is the units digit of i(l)?
5
Let j(a) = -a**2 + 4*a + 4. Let r be j(4). Suppose 0 = 2*w + 8, 0 = 2*s + 2*w + 31 - 51. Suppose -s*u = -12*u - r. What is the units digit of u?
2
Suppose -4*i = 3*k - 21, -4 = -5*i + 11. Let w(z) = -z**3 + 6*z**2 + 3*z - 2. What is the tens digit of w(k)?
3
Suppose 0 = b - 4*l + 48, 2*b - 9 = -l - 78. What is the tens digit of b/(-54)*36/1?
2
Suppose -j = 2*j - 4*d + 685, 0 = 2*j + 4*d + 490. Let w = j + 460. Suppose 3*o + 4*p = -0*o + 135, 5*o = 2*p + w. What is the tens digit of o?
4
Suppose -3*k + 26 = 29. What is the tens digit of k + (-450)/1*(-30)/75?
7
Suppose -3*z + 4*x + 3223 = 0, -6*z + z + 5341 = x. What is the hundreds digit of z?
0
Suppose 32*s = 36*s + 3*n - 4843, -5*s - 5*n + 6055 = 0. What is the tens digit of s?
1
Let j be (-1)/(-1) + 12 + 1. Suppose 5*g + 0*b - 4*b + 58 = 0, 0 = -4*g + 5*b - 50. Let t = g + j. What is the units digit of t?
4
What is the tens digit of (-17)/(6 + 1/(-7) + -6)?
1
Let t(w) = -2*w**2 + 11*w - 5. Let m be t(5). Suppose 4*r - 8*r + 456 = m. What is the hundreds digit of r?
1
Let m(h) = h**3 + 2*h**2 - 5*h - 3. Let q be m(-3). Suppose 126 = 4*i - 5*u, 3*i = -2*i + q*u + 151. Let j = 73 - i. What is the units digit of j?
4
Suppose 0 = -18*f + 10*f + 32. Suppose f*s + 79 = 3*n, n - 2*s = 5*n - 98. What is the tens digit of n?
2
Let i be (19/(-38))/(1/(-1550)) + 4. What is the units digit of i/3 - (-12)/(-18) - 1?
8
Suppose 0 = a - 5*a + 40. Let q(i) = i - 10. Let g be q(a). Suppose -5*k + 5 + 15 = g. What is the units digit of k?
4
Let z be ((-9)/(-2))/((-4)/(-8)). Suppose -9 + 3 = 2*m - t, 0 = 5*t + 20. Let d = m + z. What is the units digit of d?
4
Suppose -n + 4*n + 4*c = 1645, -c + 2215 = 4*n. Suppose 2*s = 7*s - n. What is the hundreds digit of s?
1
Suppose 29558 + 63127 = 37*i. What is the thousands digit of i?
2
Let w = 807 - 332. What is the tens digit of w?
7
Suppose 4*f - 49 = 11. Let d = f - 8. Let c = -4 + d. What is the units digit of c?
3
Suppose -q - 4*y = q - 6, -12 = -4*q + y. Suppose q*s - 83 = 139. What is the tens digit of s?
7
What is the hundreds digit of (0 - -1787) + -1 + (-9 - -16)?
7
Let b(c) = 3*c - 3*c**2 - 16 - c**2 + 15*c**2 + c**2 - c**3. What is the tens digit of b(12)?
2
Suppose -12*f = -35*f + 71760. What is the units digit of f?
0
Suppose 4*x + 0*x = -2*l + 30, 3*x = -5*l + 12. What is the tens digit of ((-1)/(-2))/(x/252)?
1
What is the units digit of (-663)/(-26)*(-226)/(-3)?
1
Let x(m) = m**2 + 4*m - 9. Let z be x(-6). Suppose -3*y = y + 5*r - 184, -29 = -y + z*r. Let o = 17 + y. What is the units digit of o?
8
Let w(b) = b**3 + 5*b**2 - 3*b + 2. What is the units digit of w(-4)?
0
Let r(z) = 9*z**2 + z + 1. Let v be r(-1). Suppose 2*x + x = 2*o - 3, -x - v = -2*o. Suppose w - o*w = -65. What is the units digit of w?
3
Suppose -1492 = -5*h + 2*i, i + 299 = 4*h - 3*h. What is the units digit of h?
8
Suppose -2*f = -5*o - 107, -2*f - 91 = -3*f - 5*o. Suppose -x - x = 4*a - f, 4*a = 5*x + 59. What is the tens digit of a?
1
Suppose 2*y - 4*z + 42 = 0, z = -0*z. What is the tens digit of 272/10*(-16 - y)?
3
Suppose 53*r - 46*r - 5950 = 0. What is the units digit of r?
0
Suppose -i = 0, 2*f - 3*i - 2*i = 0. Suppose 6*v - 3*v - 15 = f. What is the tens digit of 4/v - 306/(-5)?
6
Let y(r) = 4*r + 8. Let t(u) = u - 1. Let m(p) = -6*t(p) + 2*y(p). Let c be m(-9). Suppose x - 77 = -3*h - 0*x, -4*h + c*x = -76. What is the tens digit of h?
2
Let d be 1/(-2) + (-21)/14. What is the tens digit of 1670/150 - d/(-15)?
1
Suppose 3*f + 4*y - 2563 = 4429, y = -f + 2332. What is the thousands digit of f?
2
Let p be (-4)/(3 - 100/32). Let y = p - 26. Suppose x - y*x = -20. What is the units digit of x?
4
Let z(q) = 2. Let g(d) = -d + 3. Let w(k) = -3*g(k) + 4*z(k). Let t(x) = x + 8. Let f be t(-3). What is the tens digit of w(f)?
1
Suppose 0*h - 3*h + 9 = -3*o, 5 = 5*o. Suppose 5 = -m + 3, -h*m - 183 = -5*j. What is the units digit of j?
5
Let y(x) = -x + 2*x**2 - 9*x**2 + 3 + 2*x**2 - 5. Let l be y(2). Let t = 25 + l. What is the units digit of t?
1
Let n be 2/(-3) + (-4)/(-6). Suppose -4*p - 7*y + 3*y - 44 = n, -4*p - 5*y - 47 = 0. Let h(x) = -7*x + 3. What is the tens digit of h(p)?
5
Suppose 3*d - 18 = -2*x, 17 + 7 = 4*x + 3*d. Let u = x + 1. Suppose 0 = -u*j - 3*k + 56, -3*j = -5*j + 2*k + 28. What is the units digit of j?
4
Let b be ((-8)/4 - -1)*-496. Let z be b/24 - (-2)/6. Let d = z + -18. What is the units digit of d?
3
Suppose -18625 = -48*z + 7871. What is the hundreds digit of z?
5
Let w(m) = m**2 - 7*m - 16. Let s be w(9). Suppose -s*p - 3*p = 3*n - 1101, -5*n + 10 = 0. What is the hundreds digit of p?
2
Let w be (-2 + 6)/(-1 - -3). Suppose w + 2 = -2*l. What is the units digit of 22/((-12)/8 - l)?
4
Let l = -132 + 408. Suppose -5*c - 3*i = -124 - l, 0 = 5*i. What is the units digit of c?
0
Suppose -2*h = -3*l - 95, -3*l - 7 + 10 = 0. What is the tens digit of h?
4
What is the thousands digit of (8/(-6)*-2)/((-2)/(-1671))?
2
Suppose 13*n - 7*n + 150 = 0. What is the units digit of 3/15 + (-4570)/n?
3
Let c = 3508 - 2813. What is the hundreds digit of c?
6
Let f = 38 + -5. Suppose f = 3*m - 0. Suppose -5*x + m = -104. What is the units digit of x?
3
Let a(w) = -14*w**3 + 11*w**2 + 7*w - 4. What is the thousands digit of a(-4)?
1
Let u(r) = -r**2 + 5*r + 19. What is the units digit of u(4)?
3
Suppose -4*s = -5*b - 12779, -4*s + 15317 = -b + 2534. What is the thousands digit of s?
3